3.
11
Calculate the remainder when 460783 is divided by 228.
223
Calculate the remainder when 25504 is divided by 23.
20
What is the remainder when 5838 is divided by 2765?
308
What is the remainder when 56980 is divided by 2849?
0
What is the remainder when 2726 is divided by 591?
362
What is the remainder when 206991 is divided by 761?
760
What is the remainder when 1475 is divided by 327?
167
Calculate the remainder when 24339 is divided by 814.
733
What is the remainder when 4280 is divided by 610?
10
What is the remainder when 248740 is divided by 2961?
16
What is the remainder when 8610 is divided by 4266?
78
What is the remainder when 96933 is divided by 28?
25
Calculate the remainder when 114765 is divided by 3702.
3
What is the remainder when 190288 is divided by 563?
557
What is the remainder when 3071 is divided by 206?
187
Calculate the remainder when 103448 is divided by 28.
16
What is the remainder when 6565 is divided by 736?
677
What is the remainder when 5137 is divided by 2565?
7
What is the remainder when 4210 is divided by 190?
30
What is the remainder when 876223 is divided by 46117?
0
Calculate the remainder when 9103 is divided by 194.
179
Calculate the remainder when 1939 is divided by 395.
359
Calculate the remainder when 10236 is divided by 874.
622
Calculate the remainder when 1979 is divided by 641.
56
What is the remainder when 365 is divided by 233?
132
Calculate the remainder when 2591355 is divided by 11.
8
What is the remainder when 7625 is divided by 78?
59
Calculate the remainder when 365 is divided by 200.
165
What is the remainder when 21711 is divided by 184?
183
Calculate the remainder when 3093 is divided by 1028.
9
What is the remainder when 3123179 is divided by 19?
16
Calculate the remainder when 67072 is divided by 771.
766
Calculate the remainder when 3623 is divided by 12.
11
What is the remainder when 2394 is divided by 368?
186
Calculate the remainder when 1327 is divided by 32.
15
What is the remainder when 18973 is divided by 75?
73
Calculate the remainder when 8270 is divided by 33.
20
Calculate the remainder when 734 is divided by 100.
34
What is the remainder when 4083 is divided by 1361?
0
What is the remainder when 4979 is divided by 37?
21
What is the remainder when 2871 is divided by 21?
15
Calculate the remainder when 9252 is divided by 841.
1
Calculate the remainder when 83859 is divided by 1645.
1609
What is the remainder when 574369 is divided by 10?
9
Calculate the remainder when 4070 is divided by 289.
24
Calculate the remainder when 381 is divided by 310.
71
Calculate the remainder when 16138 is divided by 30.
28
What is the remainder when 1120 is divided by 50?
20
What is the remainder when 6945 is divided by 593?
422
Calculate the remainder when 241 is divided by 12.
1
What is the remainder when 92823 is divided by 481?
471
What is the remainder when 43002 is divided by 28?
22
Calculate the remainder when 1830 is divided by 23.
13
Calculate the remainder when 69844 is divided by 158.
8
What is the remainder when 822006 is divided by 102750?
6
What is the remainder when 51757 is divided by 191?
187
What is the remainder when 6299 is divided by 21?
20
Calculate the remainder when 132566 is divided by 28.
14
What is the remainder when 7900 is divided by 3924?
52
What is the remainder when 12485343 is divided by 272?
271
What is the remainder when 145883 is divided by 72?
11
What is the remainder when 149290 is divided by 37?
32
What is the remainder when 517286 is divided by 535?
476
What is the remainder when 5478 is divided by 392?
382
Calculate the remainder when 57748 is divided by 19234.
46
What is the remainder when 765 is divided by 730?
35
What is the remainder when 44802 is divided by 318?
282
Calculate the remainder when 197454 is divided by 112.
110
What is the remainder when 3757 is divided by 3728?
29
Calculate the remainder when 2442048 is divided by 425.
423
Calculate the remainder when 1766 is divided by 1756.
10
What is the remainder when 2012 is divided by 282?
38
What is the remainder when 83481 is divided by 48?
9
What is the remainder when 112228 is divided by 6?
4
What is the remainder when 23621 is divided by 162?
131
Calculate the remainder when 12685 is divided by 171.
31
Calculate the remainder when 83 is divided by 64.
19
Calculate the remainder when 127020 is divided by 86.
84
What is the remainder when 10720 is divided by 1381?
1053
What is the remainder when 7657 is divided by 469?
153
What is the remainder when 50907 is divided by 16?
11
Calculate the remainder when 28794 is divided by 4.
2
What is the remainder when 32135 is divided by 189?
5
What is the remainder when 141691 is divided by 14?
11
Calculate the remainder when 1892967 is divided by 299.
297
What is the remainder when 10661 is divided by 345?
311
Calculate the remainder when 11745 is divided by 67.
20
What is the remainder when 10053 is divided by 61?
49
What is the remainder when 28748 is divided by 4791?
2
What is the remainder when 36848 is divided by 105?
98
Calculate the remainder when 61083 is divided by 814.
33
What is the remainder when 10471 is divided by 7?
6
What is the remainder when 5492 is divided by 100?
92
Calculate the remainder when 9052 is divided by 324.
304
Calculate the remainder when 1239 is divided by 297.
51
Calculate the remainder when 34798 is divided by 83.
21
Calculate the remainder when 7545 is divided by 204.
201
What is the remainder when 7685 is divided by 1847?
297
Calculate the remainder when 69267 is divided by 113.
111
Calculate the remainder when 39914 is divided by 242.
226
Calculate the remainder when 159484 is divided by 33.
28
What is the remainder when 9381 is divided by 821?
350
What is the remainder when 5344 is divided by 412?
400
Calculate the remainder when 8442 is divided by 530.
492
What is the remainder when 890 is divided by 506?
384
Calculate the remainder when 3911 is divided by 278.
19
Calculate the remainder when 256315 is divided by 77.
59
What is the remainder when 55426 is divided by 2?
0
Calculate the remainder when 17214 is divided by 14.
8
Calculate the remainder when 11966 is divided by 1184.
126
Calculate the remainder when 10673 is divided by 482.
69
Calculate the remainder when 9937 is divided by 167.
84
Calculate the remainder when 466524 is divided by 1012.
1004
What is the remainder when 744 is divided by 121?
18
What is the remainder when 172000 is divided by 2356?
12
What is the remainder when 180548 is divided by 743?
742
Calculate the remainder when 20583 is divided by 349.
341
What is the remainder when 48637 is divided by 24225?
187
Calculate the remainder when 74864 is divided by 93.
92
Calculate the remainder when 34459 is divided by 96.
91
What is the remainder when 44388 is divided by 16?
4
Calculate the remainder when 2771 is divided by 36.
35
What is the remainder when 157374 is divided by 144?
126
Calculate the remainder when 77755 is divided by 113.
11
Calculate the remainder when 295286 is divided by 6711.
2
What is the remainder when 12359 is divided by 12309?
50
Calculate the remainder when 4102 is divided by 451.
43
What is the remainder when 653937 is divided by 135?
132
Calculate the remainder when 2143 is divided by 50.
43
What is the remainder when 68597 is divided by 1204?
1173
Calculate the remainder when 17681 is divided by 402.
395
Calculate the remainder when 1549636 is divided by 516545.
1
Calculate the remainder when 630254 is divided by 2227.
13
Calculate the remainder when 42056 is divided by 35.
21
Calculate the remainder when 147297 is divided by 60.
57
What is the remainder when 8707 is divided by 311?
310
Calculate the remainder when 160942 is divided by 370.
362
Calculate the remainder when 169939 is divided by 26.
3
Calculate the remainder when 2214 is divided by 328.
246
What is the remainder when 3785 is divided by 379?
374
Calculate the remainder when 1053287 is divided by 734.
731
What is the remainder when 26309 is divided by 15?
14
Calculate the remainder when 2725 is divided by 720.
565
Calculate the remainder when 994795 is divided by 2718.
7
Calculate the remainder when 483835 is divided by 21.
16
What is the remainder when 521978 is divided by 9?
5
Calculate the remai